Let p(w) be the third derivative of -w**4/24 + w**3 - 781*w**2. Give p(-14).
20
Let w(q) = q. Let a be w(4). Let y(o) = -31*o**2 + 12*o - 6. Let i(r) = -26*r**2 + 11*r - 5. Let v(l) = 6*i(l) - 5*y(l). Calculate v(a).
8
Let k(s) = -s**3 + 6*s**2 + 7*s + 5. Let l be (1 + -3 - -2)/3. Let w(f) = -f**2 + f + 7. Let p be w(l). What is k(p)?
5
Let t = -11 - -22. Suppose -3*b = -12, -b - t = 6*a - a. Let i(k) = k**2 - 7*k - 3. Let j(q) = q**2 - 5*q - 3. Let h(p) = 2*i(p) - 3*j(p). Give h(a).
-9
Let n(o) = -4*o + 1. Let l(h) = -h - 1. Let p(z) = -3*l(z) + n(z). Give p(5).
-1
Let q(b) = -b + 3*b - 15 + 1 + 14*b - 8*b. Give q(6).
34
Let q(l) be the first derivative of 3/2*l**2 + 8 - 3*l - 1/3*l**3. Determine q(3).
-3
Let c(j) = 14*j**2 + 49*j - 11. Let h(i) = -5*i**2 - 17*i + 4. Let g(q) = 6*c(q) + 17*h(q). Let p(d) = -d**3 - 5*d**2 - 5*d + 1. Let k be p(-4). Calculate g(k).
2
Let c(j) = j**3 - 4*j**2 - 4. Let n be (-8)/2 - 9/1. Let p = -7 - n. Let l be (28/(-21))/((-2)/p). Calculate c(l).
-4
Let z(p) be the second derivative of -p**5/120 + p**4/12 + 2*p**3/3 + 6*p. Let v(r) be the second derivative of z(r). Determine v(2).
0
Let w(l) = -4*l**2 + 5*l + 2. Let n(v) = -v**2 - 1. Suppose 3*m = 5*b - 30, m = -4*m - 5*b - 10. Let k(d) = m*n(d) + w(d). Give k(-5).
7
Let m(a) = -6*a**2 + 2*a + 1. Let s be (-6)/8 + (-3)/((-12)/11). Give m(s).
-19
Let k(y) be the third derivative of y**6/120 - 2*y**5/15 + y**4/24 - y**3 - 67*y**2. Determine k(8).
2
Let l = -139 - -145. Let j(m) = 2*m - 6. Calculate j(l).
6
Let q(t) = -2*t + 3. Suppose -20 = -7*c + 2*c. Suppose -3*h = -2*a - a + 15, 2*h + c = a. What is q(a)?
-9
Suppose 9 = 3*d, 0 = -6*a + a + 3*d + 11. Suppose -h + 3*m + 25 = 0, h - 6*h + 175 = -5*m. Let y(c) = 3 - 33*c + 77*c - h*c - c**2. Give y(a).
3
Let b be (6 - -2)/(1 + 1). Let n = 11 - b. Let u(d) = d + 1. Calculate u(n).
8
Suppose -6 = -3*d + 3. Let n(w) = -2*w - w**2 - 1 + 3*w - 2. Determine n(d).
-9
Let i(k) be the second derivative of -k**5/20 - k**4/2 + 3*k**2/2 - 9*k. Let o be i(-6). Let c = o + -6. Let l(h) = -h**3 - 3*h**2 - 2*h - 3. What is l(c)?
3
Let d(q) = q**3 - 5*q**2 + 5*q - 7. Let f be d(4). Let b(p) be the second derivative of p**5/20 + p**4/6 + 3*p**2/2 + 2*p. Determine b(f).
-6
Let g(v) be the second derivative of -v**5/20 - v**4/3 + 5*v**3/6 + 7*v**2/2 - 43*v + 2. Determine g(-5).
7
Let w(j) = j**3 - 4*j**2 - 6*j - 2. Let d = -4 - 0. Let m be 44 + (7 + d)/(-1). Suppose 0 = 2*x + 2*b - 18, x + 4*b - m = -4*x. Give w(x).
-7
Let f(y) be the first derivative of y**4/4 + 2*y**3 - 3*y**2 + 12*y + 28. What is f(-7)?
5
Let i(u) = -u**3 + 7*u**2 + 9*u. Let n = 103 - 95. What is i(n)?
8
Let r(k) = -10*k**2 + 8*k + 7. Let s(o) = 7*o**2 - 8*o - 7. Let u(h) = -3*r(h) - 4*s(h). Suppose 5*y = 2*y - 15. Determine u(y).
17
Let k(s) be the first derivative of -s**3/3 + 3*s**2 - s - 4. Suppose -3 = 2*p - 3*p - 3*b, 27 = 5*p + 3*b. What is k(p)?
-1
Let u(g) be the second derivative of g**3/6 + 9*g**2/2 - 28*g. Let a be (5/10)/(1/(-8)). Calculate u(a).
5
Let a(r) = r + 2. Let j be a(3). Suppose -d - 10 + 4 = -c, 0 = 2*c + 5*d + 2. Let b(u) = -c - 1 + u + 1. Calculate b(j).
1
Let k(d) = -d**3 - 6*d**2 + d - 3. Let f(x) = -x**2 - 1. Let b(v) = 6*f(v) - k(v). Give b(0).
-3
Let o(y) = -y + 5. Let b be o(3). Suppose 5 = -b*p + 9. Suppose q - a = -0*q + 1, 0 = -5*q + p*a + 14. Let l(m) = m**2 - 6*m - 4. What is l(q)?
-12
Let t(j) = 7*j**2 + j + 8. Let r(h) = 13*h**2 + h + 15. Let k(n) = 6*r(n) - 11*t(n). Suppose -3*x = -13 - 5. Calculate k(x).
8
Let t(o) = -14*o + 15. Let b(k) = 3*k - 2. Let j(p) = 5*b(p) + t(p). Determine j(-4).
1
Let v(r) = 3*r + 3 + 3*r**2 - 14 + 8. Suppose -2*o + 28 = 2*o. Suppose -3*h = 3*j - 3, -5*j + o = 2*h + h. Calculate v(j).
15
Let a(b) = -b + 2. Let y(q) = q**2 - 3*q - 8. Let v(k) = k**2 - 4*k - 9. Let s(w) = 5*v(w) - 6*y(w). Let f be s(1). Give a(f).
2
Let j(l) = 13 - 29 + 7*l + 10 + 9*l - 19*l. Determine j(6).
-24
Let g(d) = -d + 3. Suppose -52 - 23 = -3*b. Let j = b - 28. Give g(j).
6
Let v(h) = -2*h - 6. Suppose 12*g - 54 = 18*g. What is v(g)?
12
Let j = 500 + -487. Let g(u) = u**3 - 12*u**2 - 16*u + 32. What is g(j)?
-7
Suppose -47 = -6*x - 287. Let l be (-46)/10 + (112/x)/7. Let j(k) be the first derivative of k**2/2 - 2*k - 1. Calculate j(l).
-7
Let y(b) = b - 7 + 14*b - b**2 - 5*b**2 + 24. Let a(m) = 6 - 3*m**2 + 5*m + 0 + m**2. Let p(t) = 8*a(t) - 3*y(t). Give p(4).
9
Let b(y) = y**3 + 3*y**2 - y - 1. Let n = -262 + 258. Calculate b(n).
-13
Let w(z) = -60 + 108 - 46 - 11*z. Suppose i = 2 - 0. What is w(i)?
-20
Suppose 4*f = -0*f + 8. Suppose 0*d + 8 = -f*d. Let s(b) = -b - 2. Calculate s(d).
2
Let r(m) = 10*m**2 - 3*m + 6. Let o(h) = 13*h**2 - 2*h + 7. Let b(t) = 3*o(t) - 4*r(t). What is b(5)?
2
Let n(w) = -7*w**2 + 4*w - 2. Suppose 2*p = 2 + 2. Calculate n(p).
-22
Let d(u) = 6 + u + 3*u - u**2 + 0*u. Let v(i) = i**3 - 11*i**2 + 32*i - 23. Let k be v(7). Calculate d(k).
1
Let f = 81 - 66. Suppose -5*y = -0*y + f. Let i(d) = d**3 + d**2 - 4*d - 2. Calculate i(y).
-8
Suppose -3*k = -16 + 10. Let v(s) = -2*s - 3. Let q(g) = 8*g + 9. Let b(x) = k*q(x) + 7*v(x). Suppose 0 = 2*i + 2, -1 = 3*p - 3*i - 16. Determine b(p).
5
Let w(q) = 5*q**2 + 8*q + 8. Let f(d) = -4*d**2 - 10*d - 9. Let v(h) = -3*f(h) - 2*w(h). Give v(-6).
-1
Let x = -69 + 70. Let m(a) = a + x - 2*a - a - 4*a. What is m(1)?
-5
Let n(w) = 11*w - 2. Let j(p) = -6*p + 1. Let v(u) = 7*j(u) + 4*n(u). Suppose 0 = -a - 2*a + 9. Calculate v(a).
5
Let o(n) be the third derivative of -n**5/60 - n**4/12 + 4*n**3/3 - 456*n**2. Calculate o(-5).
-7
Let c(t) = t**3 + 3*t**2 + 2*t - 1. Suppose 10*o - 8*o + 8 = 0, -2*b + 12 = 2*o. Let l be (8/b)/((36/(-10))/9). Give c(l).
-1
Let u(c) = -26*c + 232. Let q be u(9). Let g(t) = t + 3. What is g(q)?
1
Let l = 4 - 5. Let f be l - (-20)/2 - -1. Suppose -2*c - 3*y = -1, 2*c + 5*y = -3*c + f. Let u(q) = -q**2 + 4*q + 7. Determine u(c).
2
Let f(c) = c**2 - 5*c. Let w(y) = -y**2 + 4*y. Let i(n) = 4*f(n) + 5*w(n). Let t(m) = -2*m**2 - 5*m + 1. Let z(s) = i(s) - t(s). Determine z(-4).
-5
Let h(k) = -2*k - 4. Let l be (10/45)/(-1) + 564/108. Calculate h(l).
-14
Suppose -d = 4*y - 12, y = -4*d + 2*d + 10. Let p(c) = 1 + y - 1 + c. Determine p(3).
5
Let g(x) = 13*x**2 + 3*x**3 + 3 - x**2 - 2*x + 0*x**2 - 11*x**2 - 2. What is g(2)?
25
Let i(p) be the second derivative of -p**3/3 - 7*p**2 + 14*p - 1. Give i(-7).
0
Let n(p) be the second derivative of p - 7/2*p**2 + 1/24*p**4 + 7/6*p**3 + 0. Let o(v) be the first derivative of n(v). Determine o(-5).
2
Let y(q) = 3 - q**2 - 6*q - 7*q + 16*q - 4*q. Let l(u) = u**2 + u - 3. Let i(k) = -3*l(k) - 4*y(k). What is i(3)?
9
Let w = -36 + 32. Let i(s) = 18*s + 10*s + 15*s - 42*s + 2. What is i(w)?
-2
Let z(o) = -7*o**3 - 80*o + 166*o - 87*o - 7*o**3 + 1. Determine z(1).
-14
Let v(q) be the first derivative of -q**3/6 + 3*q**2/2 + 22*q + 9. Let c(l) be the first derivative of v(l). Calculate c(-8).
11
Let o(i) = -12*i - 43. Let g(s) = 7*s + 22. Let c(m) = -5*g(m) - 3*o(m). What is c(-9)?
10
Suppose 0 = c + i - 64 - 13, 0 = c - 4*i - 87. Suppose -31 = 6*j - c. Let l(m) = -13*m + 9. Let q(p) = -6*p + 5. Let h(y) = -4*l(y) + 9*q(y). What is h(j)?
-7
Let c = 1 + -3. Let i = c + 4. Suppose -5*q + i + 3 = 0. Let o(r) = 13*r**2 + r - 1. Determine o(q).
13
Let b(a) = 3*a - a - 2*a + 2*a. Let c be b(4). Let v be (-5)/((-20)/c) - 6. Let z(m) = m - 1. Calculate z(v).
-5
Let w(j) = -11*j**3 - j**2 - j - 1. Suppose -5*i = 4*z, 0 = -2*i + 5*i + z + 7. Let r be i/12*-3*1/(-1). Determine w(r).
10
Let c be (-2)/((4/2)/2). Let b = c - 1. Let t(k) be the third derivative of -k**5/60 - 5*k**4/24 - 2*k**3/3 + 17*k**2. Give t(b).
2
Let k(p) = -p**2 + 5*p + 11. Let n be k(6). Let d(t) = -4*t - 5 - 5 + n. Determine d(4).
-21
Let q = 358 - 361. Let z(o) be the second derivative of o**5/20 + o**4/6 + o**3/2 + 2*o**2 + 3*o. What is z(q)?
-14
Suppose 9*o - 8*o - 6 = 0. Let v(k) = -4 + 14 + o*k - 4*k - k. Give v(-7).
3
Suppose 4*x = 9*x. Suppose x = s - 5*o, 5*s - o = -4*o. Let q(t) = -4 + s*t + 6*t - 3*t + 1. Give q(2).
3
Suppose -4*a = -3 - 1. Let x(o) = 4*o**3 - 3*o**2 + 6*o - 14. Let s(g) = -g**3 + g**2 - 2*g + 5. Let w(n) = 11*s(n) + 4*x(n). Give w(a).
5
Suppose 17*g - 104 - 32 = 0. Let r(i) = i + 15. Let z(x) = -x - 30. Let v(q) =